*v - 5. Let m be a(-1). Suppose 5*q - 1 = 24. What is the highest common divisor of q and m?
5
Let o(x) = x + 15. Let t be o(-8). Suppose -t*m + 0 = -42. What is the highest common divisor of 3 and m?
3
Suppose 0*p = 4*p - 56. Suppose 15*w - 102 = -42. What is the highest common factor of w and p?
2
Let z(h) = -h**2 - 17*h - 49. Let v be z(-13). What is the highest common factor of v and 48?
3
Let c = -2 - -20. Let r(v) = -2*v**3 + 92*v**2 + 96*v - 58. Let p be r(47). What is the highest common divisor of c and p?
18
Suppose 4*c + 2*n = 522, -c + 21 + 117 = 2*n. What is the highest common divisor of c and 32?
32
Let h = -66 - -92. Suppose -10 = -4*b + h. Let n = -26 + 62. Calculate the greatest common divisor of b and n.
9
Let k be (2 + -1)/(1/(18 + 10)). Let f(z) = 2*z**3 - 3*z - 1. Let l be f(3). Let q be 6/(-15) + l/10. Calculate the highest common divisor of k and q.
4
Suppose 5*l - 18 = -3*d, -7*l + 2*l + 42 = -3*d. Suppose 0*a - 36 = -l*a. Suppose 0*m + 3*m = 90. What is the greatest common divisor of m and a?
6
Suppose 2*i + 5*x - 33 = 0, 0*i = 2*i + 4*x - 28. Suppose 0 = p + i*f - 8, -4*p = 5*f - 24 - 41. What is the greatest common divisor of p and 10?
10
Suppose 5*n - 165 = 5*d, 2*n - 13 = -d + 56. Let a(p) = -p**2 + 32*p - 17. Let h be a(17). Calculate the greatest common factor of n and h.
34
Let n = 1869 - 1837. Suppose -2*l - 4 = h, -5*h = 2*l - 9 - 3. What is the greatest common divisor of n and h?
4
Let b(h) = -h**2 - 24*h + 47. Let n be b(-14). Suppose 4*o - 4*k = n + 669, -640 = -3*o + 4*k. Calculate the greatest common divisor of o and 18.
18
Let r = -11 - -1. Let z(d) = d**2 + 10*d + 1. Let y be z(r). Let q be (-4)/10*-1*20. What is the greatest common factor of y and q?
1
Suppose 0 = -7*t + 201 + 191. What is the greatest common divisor of 28 and t?
28
Suppose 3*f = 3*t - 9 - 1758, -3*t - 2*f + 1777 = 0. Suppose b = 5*l - 697, 5*l - t = 5*b + 94. Calculate the greatest common divisor of l and 28.
28
Suppose 0 = -4*a + 808 - 7768. Let q be a/(-42) + 8/14. Let n be -7*6/7*-1. What is the highest common factor of n and q?
6
Suppose -8*z - 2749 = -3*s - 6*z, -2*s + 1833 = -z. Calculate the highest common divisor of s and 655.
131
Let c be ((-4)/(-2))/(20/90). Calculate the highest common divisor of c and 135.
9
Let r(w) = 2*w**2 + 4*w - 10. Let p be -14 + 14 + -4 + -2*1. Let j be r(p). What is the greatest common factor of 38 and j?
38
Let t = -93 + 12. Let j = t + 43. Let q be 18/171 + (-72)/j. What is the highest common divisor of 16 and q?
2
Suppose 2*d - 10 = 3*n + 10, 16 = -4*n. Let c be (2/d)/((-1)/(-60)) - 0. Calculate the greatest common factor of c and 75.
15
Suppose -c - 2*g - 838 = -3*c, 5*g - 20 = 0. Let k(v) = v**3 - 9*v**2 + 49*v + 2. Let r be k(7). Let j = c - r. What is the greatest common divisor of 16 and j?
16
Suppose -10 - 32 = 3*i. Let x be 4/i + 846/21. Let s = x + -19. What is the highest common divisor of 7 and s?
7
Suppose 4*o = w + 2 - 13, 0 = 4*w + o - 61. Suppose w - 81 = -u. What is the greatest common divisor of u and 22?
22
Suppose 19 - 769 = -75*t. What is the greatest common factor of 90 and t?
10
Let m = 0 - 53. Let l = -23 - m. Suppose b + 82 = 5*g, 2*g - 3*b - l = -4*b. Calculate the highest common divisor of 112 and g.
16
Suppose y + 4*y = 10. Suppose -3*m = y*m - 130. What is the highest common factor of 286 and m?
26
Let s(a) = -3*a**2 - 2*a + 1. Let q = -18 + 19. Let m be s(q). Let g be 1*m*(-187)/44. Calculate the highest common divisor of g and 34.
17
Let c(k) = -51*k - 323. Let w(z) = -10*z - 65. Let r(o) = 2*c(o) - 11*w(o). Let u be r(-7). Let s = 47 + -34. Calculate the greatest common divisor of s and u.
13
Suppose 0 - 3 = -y. Let w be 9*1*(-2 + y). What is the greatest common factor of w and 99?
9
Let r(a) = 4*a**2 + a. Let y(f) = f - 1. Let i(x) = r(x) - y(x). Let p be i(1). Suppose -221 = -p*h + 94. What is the greatest common divisor of 9 and h?
9
Let l = 4 + 3. Suppose -5*x - 40 = -l*x. Calculate the greatest common divisor of x and 40.
20
Suppose -17*i + 15*i - r + 1834 = 0, 0 = -2*i + 2*r + 1840. Calculate the greatest common divisor of i and 68.
34
Let q(g) = -2*g - 20. Let c be q(-12). Let i be 32 - (4 + -2 + 2). Calculate the greatest common factor of c and i.
4
Let c(b) = 2*b + 21. Let j be c(-9). Suppose -5*g - j*a = -0*g - 576, -2*g + 231 = a. What is the greatest common divisor of g and 13?
13
Let j = 321 - 319. What is the greatest common factor of 22 and j?
2
Suppose 5*a = -4*t + 120, 4*a = -0*a + 5*t + 96. What is the greatest common factor of a and 264?
24
Let x(i) = -22*i - 388. Let u be x(-19). Calculate the highest common factor of 80 and u.
10
Let p be (101750/222)/(1/3). Calculate the greatest common factor of p and 55.
55
Let m be 1/3 - 99/(-27). Suppose 3*g - 263 = m*j, g + j = 6*j + 106. Calculate the greatest common factor of g and 9.
9
Let n = -1038 - -583. Let v = 759 + n. Calculate the greatest common divisor of 19 and v.
19
Let q = -41 + 83. Suppose -41*x + 24*x + 102 = 0. What is the highest common factor of x and q?
6
Let f = 152 + -96. Suppose -4 = t - f. What is the greatest common factor of 13 and t?
13
Suppose -567 = -13*y + 31. Calculate the highest common factor of y and 69.
23
Let s = 9 - 7. Suppose -14*v + 4 = -12*v. Suppose -s*t + 34 = 4*x - 0*x, -v*t + 4 = x. Calculate the greatest common divisor of 50 and x.
10
Let l = 13 - 1. Let j be (-12)/2*(-39)/78. What is the highest common divisor of j and l?
3
Suppose 124*d - 122*d - 8 = 0. Calculate the highest common factor of 180 and d.
4
Suppose 13*y - 41*y + 84 = 0. Calculate the highest common divisor of 81 and y.
3
Let j = 365 + -360. Calculate the highest common factor of j and 115.
5
Let x(z) = -z - 10. Let y = -20 + 10. Let m be x(y). Suppose m*w - w = -4. What is the highest common divisor of 44 and w?
4
Suppose 16 = -4*u, 3*s + 6*u = 8*u - 127. Let n be (-40)/(-6)*s/(-10). Calculate the highest common divisor of 210 and n.
30
Suppose 3*q + 4*n = 90, -139*n + 59 = 2*q - 136*n. Calculate the highest common divisor of q and 782.
34
Let i(v) = v**3 + 13*v**2 - 49*v - 13. Let k be i(-16). What is the highest common factor of 11 and k?
1
Suppose -c - 4*r - 29 + 69 = 0, -3*c + 4*r = -40. Let o(u) = u**3 - 5*u**2 + 5*u + 4. Let b be o(4). What is the highest common divisor of b and c?
4
Let f(n) = 11*n - 2. Let q be f(6). Suppose -3049 = -24*r - 745. What is the greatest common factor of q and r?
32
Let n(l) = -l - 17. Let f be n(11). Let p = f + 32. What is the greatest common divisor of 36 and p?
4
Suppose 0 = -5*j + j + 44. Suppose 3*p + 434 = 5*c, -6*c = -10*c - 3*p + 358. What is the highest common factor of j and c?
11
Let v = 433 - 355. What is the highest common factor of 12 and v?
6
Let o = 1546 - 1488. Calculate the highest common divisor of 899 and o.
29
Let q be (-5 - -3)/(6/(-9)) - 0. Calculate the highest common factor of 51 and q.
3
Let r = 38 - 28. Let j be (-891)/(-5) + -2 - 2/r. Suppose -8*g + 3*g = -110. Calculate the greatest common divisor of g and j.
22
Suppose 0 = 5*r - 29 + 4. Suppose 2*k - f = 87, r*k + f = -2*f + 234. Suppose 24 = 4*d + 4. What is the greatest common factor of k and d?
5
Let x = -205 + 233. Calculate the greatest common factor of x and 224.
28
Let n = 38 - 33. Suppose 3*h = n*h - 24. Calculate the highest common divisor of 12 and h.
12
Let g(z) = -z**2 - z + 23. Let p be g(0). Let c be -1 - 1*3*3/(-9). Suppose 5*u - 188 + p = c. Calculate the highest common divisor of 363 and u.
33
Suppose 523*o + 145 = 528*o. Suppose 2*u - 53 = 5. What is the highest common divisor of u and o?
29
Suppose 0 = 2*t - r - 15, -6 = t - 5*r - 0*r. Calculate the highest common divisor of t and 48.
3
Let y = -40 + 49. What is the greatest common factor of y and 6?
3
Let t(x) = -x**3 + 29*x**2 + 34*x - 43. Let v be t(30). Let s be (1/2)/((-3)/(-42)). Calculate the highest common factor of v and s.
7
Let m(f) = -f**3 - 2*f**2 + 3*f + 4. Let w be m(-4). Suppose -82*s - 60 = -83*s. What is the highest common factor of s and w?
12
Suppose 62 - 2 = 3*z. Suppose 18*r - 38 = z*r. Let l = 21 + r. What is the greatest common factor of l and 2?
2
Suppose -3*a - 52 = -5*y, y = 5*a - 3*a + 16. Let s be 2/8 - (-286)/y. Suppose -2*t - 4*r = -22, -4*r = -0 - 4. What is the highest comm